{"id":695,"date":"2021-09-13T15:21:58","date_gmt":"2021-09-13T13:21:58","guid":{"rendered":"https:\/\/uncjr.ro\/web\/?page_id=695"},"modified":"2021-09-17T10:02:12","modified_gmt":"2021-09-17T08:02:12","slug":"consiliul-european","status":"publish","type":"page","link":"https:\/\/uncjr.ro\/web\/consiliul-european\/","title":{"rendered":"Consiliul European"},"content":{"rendered":"<p>[et_pb_section fb_built=&#8221;1&#8243; _builder_version=&#8221;4.10.5&#8243; _module_preset=&#8221;default&#8221; global_colors_info=&#8221;{}&#8221;][et_pb_row column_structure=&#8221;3_5,2_5&#8243; _builder_version=&#8221;4.10.5&#8243; _module_preset=&#8221;default&#8221; global_colors_info=&#8221;{}&#8221;][et_pb_column type=&#8221;3_5&#8243; _builder_version=&#8221;4.10.5&#8243; _module_preset=&#8221;default&#8221; global_colors_info=&#8221;{}&#8221;][et_pb_text _builder_version=&#8221;4.10.5&#8243; _module_preset=&#8221;default&#8221; global_colors_info=&#8221;{}&#8221;]<\/p>\n<h1 style=\"text-align: justify;\">Consiliul European<\/h1>\n<p>&nbsp;<\/p>\n<p style=\"text-align: justify;\">Consiliul European reune\u0219te liderii Uniunii Europene (UE) pentru a stabili agenda politic\u0103 a Uniunii. Acesta reprezint\u0103 cel mai \u00eenalt nivel de cooperare politic\u0103 \u00eentre \u021b\u0103rile Uniunii Europene. Institu\u021bie ce nu face parte din Uniunea European\u0103.<\/p>\n<p style=\"text-align: justify;\">Consiliul European este una dintre cele \u0219apte institu\u021bii oficiale ale Uniunii. El se prezint\u0103 sub form\u0103 de\u00a0summituri\u00a0(de obicei, trimestriale) ale liderilor statelor membre, prezidate de un\u00a0pre\u0219edinte permanent. Consiliul European nu exercit\u0103 atribu\u021bii legislative. Func\u021bia sa este de a\u00a0stabili liniile directoare generale ale politicii ac\u021biunilor UE. Acest demers se realizeaz\u0103 sub forma a\u0219a-numitelor \u201econcluzii\u201d, adoptate \u00een consens \u0219i care includ decizii politice fundamentale sau formularea de instruc\u021biuni \u0219i orient\u0103ri pentru Consiliu sau Comisia European\u0103. Astfel, Consiliul European a\u00a0condus activit\u0103\u021bile legate de uniunea economic\u0103 \u0219i monetar\u0103, Sistemul Monetar European, scrutinul direct pentru Parlament \u0219i o\u00a0serie de aspecte privind aderarea.<\/p>\n<div id=\"gtx-trans\" style=\"position: absolute; left: 2px; top: -8.8px;\">\n<div class=\"gtx-trans-icon\"><\/div>\n<\/div>\n<p>[\/et_pb_text][\/et_pb_column][et_pb_column type=&#8221;2_5&#8243; _builder_version=&#8221;4.10.5&#8243; _module_preset=&#8221;default&#8221; global_colors_info=&#8221;{}&#8221;][et_pb_image src=&#8221;https:\/\/uncjr.ro\/web\/wp-content\/uploads\/Rada-Europy-logo.png&#8221; title_text=&#8221;Rada Europy logo&#8221; url=&#8221;https:\/\/www.consilium.europa.eu\/ro\/&#8221; url_new_window=&#8221;on&#8221; _builder_version=&#8221;4.10.5&#8243; _module_preset=&#8221;default&#8221; animation_style=&#8221;slide&#8221; global_colors_info=&#8221;{}&#8221;][\/et_pb_image][\/et_pb_column][\/et_pb_row][et_pb_row _builder_version=&#8221;4.10.5&#8243; _module_preset=&#8221;default&#8221; custom_padding=&#8221;||0px|||&#8221; global_colors_info=&#8221;{}&#8221;][et_pb_column type=&#8221;4_4&#8243; _builder_version=&#8221;4.10.5&#8243; _module_preset=&#8221;default&#8221; global_colors_info=&#8221;{}&#8221;][et_pb_text _builder_version=&#8221;4.10.5&#8243; _module_preset=&#8221;default&#8221; global_colors_info=&#8221;{}&#8221;]<\/p>\n<h3 style=\"text-align: justify;\">Ce face Consiliul European<\/h3>\n<ul style=\"text-align: justify;\">\n<li style=\"list-style-type: none;\">\n<ul>\n<li>Stabile\u0219te\u00a0orientarea\u00a0general\u0103 \u0219i\u00a0priorit\u0103\u021bile\u00a0politice ale UE, dar\u00a0nu adopt\u0103 acte legislative.<\/li>\n<li>Trateaz\u0103\u00a0chestiuni complexe \u0219i sensibile care nu pot fi solu\u021bionate\u00a0la niveluri mai joase de cooperare interguvernamental\u0103.<\/li>\n<li>Define\u0219te\u00a0politica extern\u0103 \u0219i de securitate comun\u0103 a UE, \u021bin\u00e2nd cont de interesele strategice ale Uniunii \u0219i de implica\u021biile \u00een domeniul ap\u0103r\u0103rii.<\/li>\n<li>Desemneaz\u0103 \u0219i nume\u0219te candida\u021bi la anumite posturi de importan\u021b\u0103 major\u0103 la nivelul UE, cum ar fi Banca Central European\u0103 (BCE) \u0219i Comisia.<\/li>\n<\/ul>\n<\/li>\n<\/ul>\n<p style=\"text-align: justify;\">Pentru fiecare chestiune, Consiliul European poate:<\/p>\n<ul style=\"text-align: justify;\">\n<li style=\"list-style-type: none;\">\n<ul>\n<li>s\u0103 \u00eei cear\u0103\u00a0Comisiei Europene\u00a0s\u0103 elaboreze o\u00a0propunere<\/li>\n<li>s\u0103 i se adreseze Consiliului UE.<\/li>\n<\/ul>\n<\/li>\n<\/ul>\n<h3 style=\"text-align: justify;\"><\/h3>\n<h3 style=\"text-align: justify;\">Structura Consiliului European<\/h3>\n<p style=\"text-align: justify;\">\u0218efii de stat sau de guvern ai statelor membre<br \/>Pre\u0219edintele Consiliului European<br \/>Pre\u0219edintele Comisiei Europene<br \/>\u00cenaltul Reprezentant al Uniunii pentru afaceri externe \u0219i politica de Securitate<\/p>\n<p style=\"text-align: justify;\">Membrii Consiliului European sunt \u0219efii de stat sau de guvern ai celor 27 de state membre ale UE, pre\u0219edintele Consiliului European \u0219i pre\u0219edintele Comisiei Europene.<\/p>\n<p style=\"text-align: justify;\">De asemenea, \u00cenaltul Reprezentant al Uniunii pentru afaceri externe \u0219i politica de securitate particip\u0103 la reuniunile Consiliului European atunci c\u00e2nd se discut\u0103 chestiuni din domeniul afacerilor externe.<\/p>\n<p style=\"text-align: justify;\">Consiliul European se reune\u0219te la convocarea\u00a0pre\u0219edintelui\u00a0s\u0103u, care este ales chiar de c\u0103tre Consiliu pentru un\u00a0mandat de doi ani \u0219i jum\u0103tate, care poate fi re\u00eennoit o singur\u0103 dat\u0103. Printre altele, pre\u0219edintele are rolul de a reprezenta UE \u00een rela\u021bia cu\u00a0\u021b\u0103rile din restul lumii.<\/p>\n<p style=\"text-align: justify;\">Printre sarcinile pre\u0219edintelui se num\u0103r\u0103 preg\u0103tirea \u0219i urm\u0103rirea lucr\u0103rilor Consiliului European \u0219i reprezentarea UE \u00een cadrul reuniunilor la nivel \u00eenalt \u00een domeniul politicii externe \u0219i de securitate comune.<\/p>\n<p style=\"text-align: justify;\">Tratatul de la Lisabona a\u00a0introdus func\u021bia de pre\u0219edinte al Consiliului European. Pre\u0219edintele Consiliului European, spre deosebire de pre\u0219edin\u021bia de p\u00e2n\u0103 acum, de\u021bine un mandat european, nu unul na\u021bional, exersat la timp plin, cu o\u00a0durat\u0103 de 2 ani \u0219i jum\u0103tate. Pre\u0219edintele trebuie s\u0103 fie o\u00a0personalitate eminent\u0103 \u0219i s\u0103 fie ales prin votul favorabil al majorit\u0103\u021bii calificate a\u00a0membrilor Consiliului European, fiind posibil\u0103 o\u00a0singur\u0103 realegere. Printre sarcinile pre\u0219edintelui se num\u0103r\u0103 preg\u0103tirea \u0219i urm\u0103rirea lucr\u0103rilor Consiliului European \u0219i reprezentarea UE \u00een cadrul reuniunilor la nivel \u00eenalt \u00een domeniul politicii externe \u0219i de securitate comune.<\/p>\n<h3 style=\"text-align: justify;\">Sediul \u0219i reuniunile Consiliului European<\/h3>\n<p style=\"text-align: justify;\">De obicei, Consiliul se reune\u0219te de patru ori pe an la Bruxelles, dar pre\u0219edintele poate convoca reuniuni suplimentare pentru a solu\u021biona probleme urgente. Durata medie a reuniunilor este de dou\u0103 zile. P\u00e2n\u0103 \u00een 2002 locul de \u00eent\u00e2lnire a Consiliului avea loc \u00een statul ce de\u021binea pre\u0219edin\u021bia rotativ\u0103. Anexa 22 la Tratatul de la Nisa a prev\u0103zut c\u0103; \u201e\u00cencep\u00e2nd cu 2002, o reuniune a Consiliului European per pre\u0219edin\u021bie va avea lor la Bruxelles. \u00cen cazul \u00een care Uniunea va avea 18 membri, toate reuniunile Consiliului European vor avea loc la Bruxelles\u201d.<\/p>\n<p style=\"text-align: justify;\">\u00centre 2002 \u0219i 2004 jum\u0103tate din reuniunile Consiliului au avut loc la Bruxelles iar dup\u0103 extinderea din 2004, toate reuniunile au loc \u00een Bruxelles, \u00een Cl\u0103direa Justus Lipsius, care este oficial sediul Consiliului European. Totu\u0219i, unele consilii extraordinare au avut loc \u00een statul membru care de\u021bine pre\u0219edin\u021bia, de exemplu \u00een 2003, a avut loc o reuniune la Roma, iar \u00een 2005 \u00een Hampton Court Palace din Londra. Deciziile se iau \u00een general prin consens, cu unanimitate sau cu majoritate calificat\u0103 \u00een unele cazuri. Numai \u0219efii de stat sau de guvern pot vota. Stabilind sediul permanent la Bruxelles, a subliniat faptul c\u0103 Consiliul European este o institu\u021bie a UE \u0219i nu un summit al statelor suverane.<\/p>\n<h3>Scurt istoric<\/h3>\n<p style=\"text-align: justify;\">Consiliul European reprezint\u0103 acum conferin\u021ba la nivel \u00eenalt (summit) a \u0219efilor de stat sau de guvern ai statelor membre ale Uniunii Europene. Primul dintre aceste \u201esummituri europene\u201d a avut loc la Paris \u00een 1961, ele devenind tot mai frecvente \u00eencep\u00e2nd din 1969. Primul summit important a fost \u021binut dup\u0103 plecarea lui Charles de Gaulle la Haga \u00een 1969, unde a s-a ajuns la un acord referitor la admiterea Marii Britanii \u00een Comunitate \u0219i ini\u021bierea de politici de cooperare \u00een afacerile externe (Cooperarea Politic\u0103 European\u0103) duc\u00e2nd integrarea peste obiectivele economice.<\/p>\n<p style=\"text-align: justify;\">La reuniunea din decembrie 1974 \u021binut la Paris, urm\u00e2nd o propunere a pre\u0219edintelui francez\u00a0Valery Giscard d&#8217;Estaing\u00a0s-a convenit c\u0103 este necesar\u0103 o implicare politic\u0103 \u00een \u201escaunul gol al crizei\u201d \u0219i al problemelor economice. PrimulConsiliu European, a\u0219a cum a devenit cunoscut, a avut loc la Dublin \u00een 10-11 martie 1975 \u00een timpul primei pre\u0219edin\u021bii Irlandeze a Consiliului Uniunii Europene.<\/p>\n<p style=\"text-align: justify;\">\u00cen 1987, Consiliul a fost inclus \u00een tratate pentru prima dat\u0103 (Actul Unic European) iar rolul lui a fost definit pentru prima dat\u0103 \u00een Tratatul de la Maastricht. Actul Unic (1986) a inclus pentru prima dat\u0103 Consiliul European \u00een corpusul tratatelor comunitare, definindu-i componen\u021ba \u0219i stabilind c\u0103 se reune\u0219te de dou\u0103 ori pe an.<\/p>\n<p style=\"text-align: justify;\">Tratatul de la Maastricht (1992) a formalizat rolul acestuia \u00een cadrul procesului institu\u021bional al UE. Tratatul de la Lisabona (cunoscut anterior ca Tratatul privind Uniunea European\u0103, 2009) transform\u0103 Consiliul European \u00eentr-o institu\u021bie a Uniunii Europene \u0219i define\u0219te sarcinile acestuia, care sunt de a \u201eoferi Uniunii impulsurile necesare dezvolt\u0103rii acesteia \u0219i a-i defini orient\u0103rile \u0219i priorit\u0103\u021bile politice generale\u201d. \u00cen 1987, Consiliul a fost inclus \u00een tratate pentru prima dat\u0103 (Actul Unic European) iar rolul lui a fost definit pentru prima dat\u0103 \u00een Tratatul de la Maastricht.\u00a0<\/p>\n<p style=\"text-align: justify;\">Consiliul European \u0219i Consiliul Uniunii Europene (denumit \u00een continuare \u201eConsiliul\u201d) au convenit s\u0103 \u00eempart\u0103 sec\u021biunea II a bugetului UE, motiv pentru care bugetul general are doar 10 sec\u021biuni \u0219i nu 11, de\u0219i Consiliul European \u0219i Consiliul sunt institu\u021bii distincte.<\/p>\n<p style=\"text-align: justify;\">\n<p>[\/et_pb_text][\/et_pb_column][\/et_pb_row][\/et_pb_section]<\/p>\n","protected":false},"excerpt":{"rendered":"<p>Consiliul European &nbsp; Consiliul European reune\u0219te liderii Uniunii Europene (UE) pentru a stabili agenda politic\u0103 a Uniunii. Acesta reprezint\u0103 cel mai \u00eenalt nivel de cooperare politic\u0103 \u00eentre \u021b\u0103rile Uniunii Europene. Institu\u021bie ce nu face parte din Uniunea European\u0103. Consiliul European este una dintre cele \u0219apte institu\u021bii oficiale ale Uniunii. El se prezint\u0103 sub form\u0103 de\u00a0summituri\u00a0(de [&hellip;]<\/p>\n","protected":false},"author":1,"featured_media":0,"parent":0,"menu_order":0,"comment_status":"closed","ping_status":"closed","template":"","meta":{"_et_pb_use_builder":"on","_et_pb_old_content":"","_et_gb_content_width":"","footnotes":""},"class_list":["post-695","page","type-page","status-publish","hentry"],"_links":{"self":[{"href":"https:\/\/uncjr.ro\/web\/wp-json\/wp\/v2\/pages\/695","targetHints":{"allow":["GET"]}}],"collection":[{"href":"https:\/\/uncjr.ro\/web\/wp-json\/wp\/v2\/pages"}],"about":[{"href":"https:\/\/uncjr.ro\/web\/wp-json\/wp\/v2\/types\/page"}],"author":[{"embeddable":true,"href":"https:\/\/uncjr.ro\/web\/wp-json\/wp\/v2\/users\/1"}],"replies":[{"embeddable":true,"href":"https:\/\/uncjr.ro\/web\/wp-json\/wp\/v2\/comments?post=695"}],"version-history":[{"count":0,"href":"https:\/\/uncjr.ro\/web\/wp-json\/wp\/v2\/pages\/695\/revisions"}],"wp:attachment":[{"href":"https:\/\/uncjr.ro\/web\/wp-json\/wp\/v2\/media?parent=695"}],"curies":[{"name":"wp","href":"https:\/\/api.w.org\/{rel}","templated":true}]}}