{"id":2980,"date":"2022-02-17T12:55:14","date_gmt":"2022-02-17T10:55:14","guid":{"rendered":"https:\/\/uncjr.ro\/web\/?page_id=2980"},"modified":"2024-02-27T21:24:00","modified_gmt":"2024-02-27T19:24:00","slug":"acreditare-presa","status":"publish","type":"page","link":"https:\/\/uncjr.ro\/web\/acreditare-presa\/","title":{"rendered":"Acreditare Pres\u0103"},"content":{"rendered":"<p>[et_pb_section fb_built=&#8221;1&#8243; _builder_version=&#8221;4.16&#8243; _module_preset=&#8221;default&#8221; global_colors_info=&#8221;{}&#8221;][et_pb_row column_structure=&#8221;3_5,2_5&#8243; _builder_version=&#8221;4.16&#8243; _module_preset=&#8221;default&#8221; global_colors_info=&#8221;{}&#8221;][et_pb_column type=&#8221;3_5&#8243; _builder_version=&#8221;4.16&#8243; _module_preset=&#8221;default&#8221; global_colors_info=&#8221;{}&#8221;][et_pb_text _builder_version=&#8221;4.24.2&#8243; _module_preset=&#8221;default&#8221; text_font_size=&#8221;16px&#8221; text_line_height=&#8221;1.5em&#8221; hover_enabled=&#8221;0&#8243; global_colors_info=&#8221;{}&#8221; sticky_enabled=&#8221;0&#8243;]<\/p>\n<h1>Acreditare de Pres\u0103<\/h1>\n<p>&nbsp;<\/p>\n<p>Pentru a sprijini comunicarea transparent\u0103 Uniunea Na\u021bional\u0103 a Consiliilor Jude\u021bene din Rom\u00e2nia asigur\u0103 accesul reprezentan\u021bilor presei la informa\u021bii de interes public prin acordarea la cerere, f\u0103r\u0103 discriminare, acredit\u0103ri jurnali\u0219tilor \u0219i altor reprezentan\u021bi ai mass-media.<\/p>\n<p>&nbsp;<\/p>\n<p>Pentru a ob\u021bine o acreditare valabil\u0103 pentru anul \u00een curs, cei interesa\u021bi trebuie s\u0103 completeze urm\u0103toarele documente:<\/p>\n<ul>\n<li>Formular de acreditare &#8211; <a href=\"https:\/\/uncjr.ro\/web\/wp-content\/uploads\/docs\/Formular_acreditare.docx\" title=\"Descarc\u0103 formular de acreditare\">disponibil AICI<\/a> (document Word)<\/li>\n<li>Acord privind prelucrarea datelor cu caracter personal &#8211; <a href=\"https:\/\/uncjr.ro\/web\/wp-content\/uploads\/docs\/Acord_prelucrare_date.docx\" title=\"Descarc\u0103 Acord GDPR\">disponibil AICI<\/a> (document Word)<\/li>\n<li>Fotocopie dup\u0103 legitima\u021bia de pres\u0103\/serviciu vizat\u0103 la zi.<\/li>\n<\/ul>\n<p>Documenta\u021bia complet\u0103 trebuie transmis\u0103 pe adresa de e-mail: <strong>office@uncjr.ro<\/strong>.<\/p>\n<p>[\/et_pb_text][\/et_pb_column][et_pb_column type=&#8221;2_5&#8243; _builder_version=&#8221;4.16&#8243; _module_preset=&#8221;default&#8221; global_colors_info=&#8221;{}&#8221;][et_pb_image src=&#8221;https:\/\/uncjr.ro\/web\/wp-content\/uploads\/conferinta-presa-uncjr.png&#8221; title_text=&#8221;conferinta-presa-uncjr&#8221; align=&#8221;center&#8221; _builder_version=&#8221;4.16&#8243; _module_preset=&#8221;default&#8221; global_colors_info=&#8221;{}&#8221;][\/et_pb_image][\/et_pb_column][\/et_pb_row][\/et_pb_section]<\/p>\n","protected":false},"excerpt":{"rendered":"<p>Acreditare de Pres\u0103 &nbsp; Pentru a sprijini comunicarea transparent\u0103 Uniunea Na\u021bional\u0103 a Consiliilor Jude\u021bene din Rom\u00e2nia asigur\u0103 accesul reprezentan\u021bilor presei la informa\u021bii de interes public prin acordarea la cerere, f\u0103r\u0103 discriminare, acredit\u0103ri jurnali\u0219tilor \u0219i altor reprezentan\u021bi ai mass-media. &nbsp; Pentru a ob\u021bine o acreditare valabil\u0103 pentru anul \u00een curs, cei interesa\u021bi trebuie s\u0103 completeze urm\u0103toarele [&hellip;]<\/p>\n","protected":false},"author":1,"featured_media":0,"parent":0,"menu_order":0,"comment_status":"closed","ping_status":"closed","template":"","meta":{"_et_pb_use_builder":"on","_et_pb_old_content":"","_et_gb_content_width":"","footnotes":""},"class_list":["post-2980","page","type-page","status-publish","hentry"],"_links":{"self":[{"href":"https:\/\/uncjr.ro\/web\/wp-json\/wp\/v2\/pages\/2980","targetHints":{"allow":["GET"]}}],"collection":[{"href":"https:\/\/uncjr.ro\/web\/wp-json\/wp\/v2\/pages"}],"about":[{"href":"https:\/\/uncjr.ro\/web\/wp-json\/wp\/v2\/types\/page"}],"author":[{"embeddable":true,"href":"https:\/\/uncjr.ro\/web\/wp-json\/wp\/v2\/users\/1"}],"replies":[{"embeddable":true,"href":"https:\/\/uncjr.ro\/web\/wp-json\/wp\/v2\/comments?post=2980"}],"version-history":[{"count":6,"href":"https:\/\/uncjr.ro\/web\/wp-json\/wp\/v2\/pages\/2980\/revisions"}],"predecessor-version":[{"id":5315,"href":"https:\/\/uncjr.ro\/web\/wp-json\/wp\/v2\/pages\/2980\/revisions\/5315"}],"wp:attachment":[{"href":"https:\/\/uncjr.ro\/web\/wp-json\/wp\/v2\/media?parent=2980"}],"curies":[{"name":"wp","href":"https:\/\/api.w.org\/{rel}","templated":true}]}}