{"id":2018,"date":"2021-09-16T09:52:27","date_gmt":"2021-09-16T07:52:27","guid":{"rendered":"https:\/\/uncjr.ro\/web\/?page_id=2018"},"modified":"2021-09-17T10:40:09","modified_gmt":"2021-09-17T08:40:09","slug":"2018-2","status":"publish","type":"page","link":"https:\/\/uncjr.ro\/web\/2018-2\/","title":{"rendered":"Consiliul Uniunii Europene"},"content":{"rendered":"<p>[et_pb_section fb_built=&#8221;1&#8243; _builder_version=&#8221;4.10.5&#8243; _module_preset=&#8221;default&#8221; global_colors_info=&#8221;{}&#8221;][et_pb_row column_structure=&#8221;3_5,2_5&#8243; _builder_version=&#8221;4.10.5&#8243; _module_preset=&#8221;default&#8221; global_colors_info=&#8221;{}&#8221;][et_pb_column type=&#8221;3_5&#8243; _builder_version=&#8221;4.10.5&#8243; _module_preset=&#8221;default&#8221; global_colors_info=&#8221;{}&#8221;][et_pb_text _builder_version=&#8221;4.10.5&#8243; _module_preset=&#8221;default&#8221; global_colors_info=&#8221;{}&#8221;]<\/p>\n<h1>Consiliul Uniunii Europene<\/h1>\n<p>&nbsp;<\/p>\n<p style=\"text-align: justify;\">Consiliul Uniunii Europene este format din reprezentan\u021bi ai guvernelor statelor membre. Toate cele 27 de state membre trimit c\u00e2te un reprezentant; de regul\u0103, de\u0219i nu \u00een mod obligatoriu, este vorba despre mini\u0219trii sau secretarii de stat responsabili cu aspectele de pe ordinea de zi. Este important ca ace\u0219ti reprezentan\u021bi s\u0103 fie \u00eemputernici\u021bi s\u0103 ia decizii cu caracter obligatoriu pentru guvernele lor. Simplul fapt c\u0103 guvernele pot fi reprezentate \u00een mai multe moduri dovede\u0219te \u00een mod evident c\u0103 nu exist\u0103 membri permanen\u021bi ai Consiliului; acesta se reune\u0219te \u00een zece forma\u021biuni diferite, \u00een func\u021bie de subiectele de pe ordinea de zi.<\/p>\n<p style=\"text-align: justify;\"><span>Consiliul joac\u0103 un rol-cheie \u00een domeniile de integrare european\u0103 \u00een care procesul decizional are loc la nivel interguvernamental. Pe baza dispozi\u021biilor Tratatului de la Maastricht. Consiliul este cel mai competent \u00een problemele care pot fi atribuite celui de-al doilea \u0219i celui de-al treilea pilon al integr\u0103rii europene (o politic\u0103 extern\u0103 \u0219i de securitate comun\u0103 \u0219i o cooperare pe probleme interne). \u00cen acela\u0219i timp, Consiliul UE face parte din corpul institu\u021biilor legislative ale Uniunii Europene. De fapt, orice act juridic al Uniunii Europene trebuie aprobat de Consiliu, \u00eens\u0103 o serie de acte juridice, precum \u0219i <\/span>bugetul Uniunii Europene<span>\u00a0fac obiectul unei decizii comune a Consiliului \u0219i a Parlamentului European.<\/span><\/p>\n<div id=\"gtx-trans\" style=\"position: absolute; left: -108px; top: -8.8px;\">\n<div class=\"gtx-trans-icon\"><\/div>\n<\/div>\n<p>[\/et_pb_text][\/et_pb_column][et_pb_column type=&#8221;2_5&#8243; _builder_version=&#8221;4.10.5&#8243; _module_preset=&#8221;default&#8221; global_colors_info=&#8221;{}&#8221;][et_pb_image src=&#8221;https:\/\/uncjr.ro\/web\/wp-content\/uploads\/Council_of_EU.png&#8221; title_text=&#8221;Council_of_EU&#8221; url=&#8221;https:\/\/www.consilium.europa.eu\/ro\/&#8221; url_new_window=&#8221;on&#8221; _builder_version=&#8221;4.10.5&#8243; _module_preset=&#8221;default&#8221; animation_style=&#8221;slide&#8221; global_colors_info=&#8221;{}&#8221;][\/et_pb_image][\/et_pb_column][\/et_pb_row][et_pb_row _builder_version=&#8221;4.10.5&#8243; _module_preset=&#8221;default&#8221; global_colors_info=&#8221;{}&#8221;][et_pb_column type=&#8221;4_4&#8243; _builder_version=&#8221;4.10.5&#8243; _module_preset=&#8221;default&#8221; global_colors_info=&#8221;{}&#8221;][et_pb_text _builder_version=&#8221;4.10.5&#8243; _module_preset=&#8221;default&#8221; hover_enabled=&#8221;0&#8243; global_colors_info=&#8221;{}&#8221; sticky_enabled=&#8221;0&#8243;]<\/p>\n<h3 style=\"text-align: justify;\">Ce face Consiliul Uniunii Europene<\/h3>\n<ul>\n<li style=\"list-style-type: none;\">\n<ul>\n<li style=\"list-style-type: none;\">\n<ul style=\"text-align: justify;\">\n<li>Negociaz\u0103 \u0219i adopt\u0103 legisla\u021bia UE, \u00eempreun\u0103 cu\u00a0Parlamentul European, pe baza propunerilor \u00eenaintate de\u00a0Comisia European\u0103.<\/li>\n<li>Coordoneaz\u0103\u00a0politicile \u021b\u0103rilor UE.<\/li>\n<li>Elaboreaz\u0103\u00a0politica extern\u0103 \u0219i de securitate a UE, plec\u00e2nd de la orient\u0103rile\u00a0Consiliului European.<\/li>\n<li>\u00cencheie\u00a0acorduri\u00a0\u00eentre UE \u0219i alte \u021b\u0103ri sau organiza\u021bii interna\u021bionale.<\/li>\n<li>Adopt\u0103\u00a0bugetul anual al UE, \u00een colaborare cu Parlamentul European.<\/li>\n<\/ul>\n<\/li>\n<\/ul>\n<\/li>\n<\/ul>\n<h3 style=\"text-align: justify;\">Structura Consiliului Uniunii Europene<\/h3>\n<p style=\"text-align: justify;\">Sub pre\u0219edin\u021bia \u00cenaltului Reprezentant al Uniunii pentru afaceri externe \u0219i politica de securitate:<\/p>\n<ol style=\"text-align: justify;\">\n<li>Afaceri Externe<\/li>\n<\/ol>\n<p style=\"text-align: justify;\">Sub pre\u0219edin\u021bia statului membru care de\u021bine prezidiul Consiliului:<\/p>\n<ol>\n<li>Afaceri Generale<\/li>\n<li>Afaceri Economice \u0219i Financiare<\/li>\n<li>Justi\u021bie \u0219i Afaceri Interne<\/li>\n<li>Ocuparea For\u021bei de Munc\u0103, Politic\u0103 Social\u0103, S\u0103n\u0103tate \u0219i Protec\u021bia Consumatorilor<\/li>\n<li>Competitivitate<\/li>\n<li>Transport, Telecomunica\u021bii \u0219i Energie<\/li>\n<li>Agricultur\u0103 \u0219i Pescuit<\/li>\n<li>Mediu<\/li>\n<li>Educa\u021bie, Tineret, Cultur\u0103 \u0219i Sport<\/li>\n<\/ol>\n<p style=\"text-align: justify;\">Consiliul Afaceri Externe gestioneaz\u0103 ini\u021biativele UE de peste hotare \u00een conformitate cu orient\u0103rile strategice ale Consiliului European \u0219i asigur\u0103 consecven\u021ba \u0219i coeren\u021ba ac\u021biunilor UE. Consiliul Afaceri Generale coordoneaz\u0103 activit\u0103\u021bile Consiliului \u00een diferitele sale forma\u021biuni \u0219i, \u00eempreun\u0103 cu pre\u0219edintele Consiliului European \u0219i cu Comisia European\u0103, preg\u0103te\u0219te reuniunile Consiliului European. Pre\u0219edin\u021bia Consiliului, cu excep\u021bia Consiliului Afaceri Externe (care este prezidat de \u00cenaltul Reprezentant al Uniunii pentru afaceri externe \u0219i politica de securitate), este de\u021binut\u0103, pe r\u00e2nd, de fiecare stat membru, pe o perioad\u0103 de \u0219ase luni. Ordinea \u00een care este de\u021binut\u0103 pre\u0219edin\u021bia este decis\u0103 \u00een unanimitate de c\u0103tre Consiliu. Schimbarea pre\u0219edintelui are loc la 1 ianuarie \u0219i la 1 iulie \u00een fiecare an. Av\u00e2nd \u00een vedere aceast\u0103 \u201erota\u021bie\u201d rapid\u0103, activit\u0103\u021bile de pre\u0219edin\u021bie se desf\u0103\u0219oar\u0103 pe baza unui program de lucru stabilit de comun acord cu urm\u0103toarele trei pre\u0219edin\u021bii \u0219i, prin urmare, valabil pe o perioad\u0103 de 18 luni (\u201eechipa pre\u0219edin\u021biei\u201d). Principala responsabilitate a pre\u0219edin\u021biei este aceea de a coordona activit\u0103\u021bile Consiliului \u0219i ale comitetelor care \u00eel sprijin\u0103. De asemenea, aceasta este important\u0103 din punct de vedere politic, deoarece statul membru care de\u021bine pre\u0219edin\u021bia UE se bucur\u0103 de un rol major pe scena mondial\u0103. Astfel, statelor membre mici li se ofer\u0103 ocazia de a fi pe picior de egalitate cu \u201emarii actori\u201d \u0219i de a-\u0219i l\u0103sa amprenta asupra politicii europene. Consiliul este sprijinit de un Secretariat General cu aproximativ 2.800 de func\u021bionari, condus de un secretar general numit de c\u0103tre Consiliu. Sediul Consiliului este la Bruxelles.<\/p>\n<h3 style=\"text-align: justify;\">\u00a0Sarcinile centrale ale Consiliului Uniunii Europene<\/h3>\n<ol style=\"text-align: justify;\">\n<li>Prioritatea absolut\u0103 a\u00a0Consiliului este elaborarea legisla\u021biei, sarcin\u0103 pe care o\u00a0\u00eendepline\u0219te \u00eempreun\u0103 cu Parlamentul \u00een cadrul procedurii legislative ordinare.<\/li>\n<li>De asemenea, Consiliul este responsabil cu asigurarea coordon\u0103rii politicilor economice ale statelor membre.<\/li>\n<li>Acesta elaboreaz\u0103 politicile externe \u0219i de securitate comune ale UE pe baza orient\u0103rilor oferite de Consiliul European.<\/li>\n<li>Consiliul r\u0103spunde de \u00eencheierea acordurilor dintre UE \u0219i \u021b\u0103rile ter\u021be sau organiza\u021biile interna\u021bionale.<\/li>\n<li>\u00cen plus, acesta stabile\u0219te bugetul, pe baza unui proiect preliminar prezentat de c\u0103tre Comisie, fiind necesar\u0103 aprobarea acestuia de c\u0103tre Parlament. De asemenea, acesta este structura care recomand\u0103 Parlamentului European desc\u0103rcarea Comisiei cu privire la execu\u021bia bugetar\u0103.<\/li>\n<\/ol>\n<h3 style=\"text-align: justify;\">Cum lucreaz\u0103 Consiliul<\/h3>\n<ul style=\"text-align: justify;\">\n<li>Atunci c\u00e2nd analizeaz\u0103 sau voteaz\u0103 proiecte de acte legislative, mini\u0219trii statelor membre ale UE se \u00eent\u00e2lnesc \u00een reuniuni publice.<\/li>\n<li>Deciziile pot fi adoptate doar dac\u0103 se \u00eentrune\u0219te o\u00a0majoritate calificat\u0103\u00a0:<\/li>\n<\/ul>\n<p style=\"padding-left: 40px;\">55% din \u021b\u0103ri (la num\u0103rul actual de 27 de state membre, aceasta \u00eenseamn\u0103 15 \u021b\u0103ri)<\/p>\n<p style=\"padding-left: 40px;\">reprezent\u00e2nd cel pu\u021bin 65\u00a0% din popula\u021bia total\u0103 a UE.<\/p>\n<ul style=\"text-align: justify;\">\n<li>Pute\u021bi\u00a0urm\u0103ri \u00een direct sesiunile publice ale Consiliului, \u00een toate limbile UE. Dac\u0103 reuniunea Consiliului este public\u0103, sunt publice \u0219i\u00a0procesul verbal\u00a0\u0219i\u00a0voturile\u00a0exprimate.<\/li>\n<li>Pentru a\u00a0bloca o decizie\u00a0este nevoie de cel pu\u021bin\u00a04 \u021b\u0103ri, reprezent\u00e2nd cel pu\u021bin 35\u00a0% din popula\u021bia total\u0103 a UE.<\/li>\n<li>Excep\u021bie: subiectele delicate, precum politica extern\u0103 sau impozitarea, necesit\u0103\u00a0unanimitate de voturi\u00a0(vot favorabil din partea tuturor \u021b\u0103rilor).<\/li>\n<li>Pentru aspectele procedurale \u0219i administrative este suficient\u0103 majoritatea simpl\u0103 de voturi.<\/li>\n<\/ul>\n<h3 style=\"text-align: justify;\">Scurt istoric<\/h3>\n<p style=\"text-align: justify;\">Prima reuniune a Consiliului Special de Mini\u0219tri al Comunit\u0103\u021bii Europene a C\u0103rbunelui \u0219i O\u021belului, a urmat decizia ulterioar\u0103 de \u00eenfin\u021bare a Consiliul Uniunii Europene. Decizie ce a avut loc la Luxemburg la 8 septembrie 1952. \u00cen 1965, Fran\u021ba anun\u021b\u0103 c\u0103 nu va participa la reuniunile Consiliului din cauza unui dezacord legat de negocierile privind finan\u021barea politicii agricole comune. Criza se rezolv\u0103 ulterior gra\u021bie compromisului de la Luxemburg din 1966, care instituie votul \u00een unanimitate atunci c\u00e2nd sunt \u00een joc interese majore.<\/p>\n<p>[\/et_pb_text][\/et_pb_column][\/et_pb_row][\/et_pb_section]<\/p>\n","protected":false},"excerpt":{"rendered":"<p>Consiliul Uniunii Europene &nbsp; Consiliul Uniunii Europene este format din reprezentan\u021bi ai guvernelor statelor membre. Toate cele 27 de state membre trimit c\u00e2te un reprezentant; de regul\u0103, de\u0219i nu \u00een mod obligatoriu, este vorba despre mini\u0219trii sau secretarii de stat responsabili cu aspectele de pe ordinea de zi. Este important ca ace\u0219ti reprezentan\u021bi s\u0103 fie [&hellip;]<\/p>\n","protected":false},"author":2,"featured_media":0,"parent":0,"menu_order":0,"comment_status":"closed","ping_status":"closed","template":"","meta":{"_et_pb_use_builder":"on","_et_pb_old_content":"","_et_gb_content_width":"","footnotes":""},"class_list":["post-2018","page","type-page","status-publish","hentry"],"_links":{"self":[{"href":"https:\/\/uncjr.ro\/web\/wp-json\/wp\/v2\/pages\/2018","targetHints":{"allow":["GET"]}}],"collection":[{"href":"https:\/\/uncjr.ro\/web\/wp-json\/wp\/v2\/pages"}],"about":[{"href":"https:\/\/uncjr.ro\/web\/wp-json\/wp\/v2\/types\/page"}],"author":[{"embeddable":true,"href":"https:\/\/uncjr.ro\/web\/wp-json\/wp\/v2\/users\/2"}],"replies":[{"embeddable":true,"href":"https:\/\/uncjr.ro\/web\/wp-json\/wp\/v2\/comments?post=2018"}],"version-history":[{"count":0,"href":"https:\/\/uncjr.ro\/web\/wp-json\/wp\/v2\/pages\/2018\/revisions"}],"wp:attachment":[{"href":"https:\/\/uncjr.ro\/web\/wp-json\/wp\/v2\/media?parent=2018"}],"curies":[{"name":"wp","href":"https:\/\/api.w.org\/{rel}","templated":true}]}}